{"id":1417,"date":"2025-05-16T12:43:39","date_gmt":"2025-05-16T12:43:39","guid":{"rendered":"https:\/\/psychologueselve.fr\/?page_id=1417"},"modified":"2026-01-26T21:47:14","modified_gmt":"2026-01-26T21:47:14","slug":"politique-de-confidentialite","status":"publish","type":"page","link":"https:\/\/psychologueselve.fr\/?page_id=1417","title":{"rendered":"Confidentialit\u00e9 |Psychologue | Psychanalyste | Houilles (78800) | Florence Selve"},"content":{"rendered":"\n<div class=\"wp-block-uagb-container uagb-layout-flex uagb-block-ede7e72a alignfull uagb-is-root-container\"><div class=\"uagb-container__shape uagb-container__shape-bottom uagb-container__shape-above-content uagb-container__invert\" data-negative=\"false\"><svg xmlns=\"https:\/\/www.w3.org\/2000\/svg\" viewBox=\"0 0 937.5 120\" preserveAspectRatio=\"none\"><path class=\"uagb-container__shape-fill\" d=\"M937,129.8V-0.1H0v129.9C0,62.6,209.6,8.2,468.4,8.2S936.9,62.6,937,129.8z\"><\/path><\/svg><\/div><div class=\"uagb-container-inner-blocks-wrap\"><div style=\"padding-top:0;padding-bottom:0;padding-left:8.8rem;padding-right:8.8rem;\" class=\"is-default-size is-style-rounded is-style-rounded--1 wp-block-site-logo\"><a href=\"https:\/\/psychologueselve.fr\/\" class=\"custom-logo-link\" rel=\"home\"><img loading=\"lazy\" decoding=\"async\" width=\"887\" height=\"786\" src=\"https:\/\/psychologueselve.fr\/wp-content\/uploads\/2026\/01\/cropped-spirale-HD-PSWP-8-120x106.jpg\" class=\"custom-logo\" alt=\"Psychologue Houilles Bezons Carri\u00e8res-sur-Seine\" srcset=\"https:\/\/psychologueselve.fr\/wp-content\/uploads\/2026\/01\/cropped-spirale-HD-PSWP-8.jpg 887w, https:\/\/psychologueselve.fr\/wp-content\/uploads\/2026\/01\/cropped-spirale-HD-PSWP-8-300x266.jpg 300w, https:\/\/psychologueselve.fr\/wp-content\/uploads\/2026\/01\/cropped-spirale-HD-PSWP-8-768x681.jpg 768w, https:\/\/psychologueselve.fr\/wp-content\/uploads\/2026\/01\/cropped-spirale-HD-PSWP-8-120x106.jpg 120w\" sizes=\"auto, (max-width: 887px) 100vw, 887px\" \/><\/a><\/div>\n\n\n<div class=\"wp-block-uagb-info-box uagb-block-c710f8d3 uagb-infobox__content-wrap  uagb-infobox-icon-above-title uagb-infobox-image-valign-top wp-block-uagb-info-box--has-margin\"><div class=\"uagb-infobox-margin-wrapper\"><div class=\"uagb-ifb-content\"><div class=\"uagb-ifb-title-wrap\"><h1 class=\"uagb-ifb-title\">Politique<br>de Confidentialit\u00e9<\/h1><\/div><\/div><\/div><\/div>\n\n\n\n<div class=\"wp-block-buttons is-content-justification-center is-layout-flex wp-container-core-buttons-is-layout-a89b3969 wp-block-buttons-is-layout-flex\">\n<div class=\"wp-block-button has-custom-width wp-block-button__width-25 is-style-outline is-style-outline--2\"><a class=\"wp-block-button__link has-black-color has-text-color has-link-color has-large-font-size has-custom-font-size wp-element-button\" style=\"border-style:none;border-width:0px;border-radius:2px;padding-top:var(--wp--preset--spacing--60);padding-right:0;padding-bottom:var(--wp--preset--spacing--60);padding-left:0\">\u2193<\/a><\/div>\n<\/div>\n<\/div><\/div>\n\n\n\n<div class=\"wp-block-uagb-separator uagb-block-23cd30b8\"><div class=\"wp-block-uagb-separator__inner\" style=\"--my-background-image:\"><\/div><\/div>\n\n\n\n<h2 class=\"wp-block-heading has-x-large-font-size\">Florence Selve<\/h2>\n\n\n\n<h2 class=\"wp-block-heading has-x-large-font-size\">Accueil et Ecoute Individualis\u00e9s<\/h2>\n\n\n\n<p>Psychologue clinicienne et directrice de la publication<\/p>\n\n\n\n<p>num\u00e9ro siret 94285602200010   <\/p>\n\n\n\n<p>contact: 104 bd Jean Jaur\u00e8s 78800 Houilles<\/p>\n\n\n\n<p>H\u00e9bergeur Hostinger contact par chat ou formulaire de contact<\/p>\n\n\n\n<p>L\u2019adresse du site est&nbsp;:<\/p>\n\n\n\n<h2 class=\"wp-block-heading has-medium-font-size\">https:\/\/psychologueselve.fr<\/h2>\n\n\n\n<h2 class=\"wp-block-heading\">Demandes sur Paris, Houilles, Bezons, Carri\u00e8res-sur Seine<\/h2>\n\n\n\n<p>Que vous habitiez Paris, Houilles, Bezons, Carri\u00e8res-sur-Seine, quand vous remplissez un formulaire sur le site, les donn\u00e9es inscrites, ainsi que votre adresse IP et l\u2019agent utilisateur de votre navigateur sont collect\u00e9s pour nous aider \u00e0 la d\u00e9tection des messages ind\u00e9sirables et pour pouvoir vous r\u00e9pondre. Il vous sera propos\u00e9 d\u2019enregistrer votre nom, adresse e-mail et coordonn\u00e9es.<\/p>\n\n\n\n<p> Les messages des visiteurs peuvent \u00eatre \u00e9cart\u00e9s par un service automatis\u00e9 de d\u00e9tection des commentaires ind\u00e9sirables. <\/p>\n\n\n\n<p>Une r\u00e9ponse vous sera apport\u00e9e dans les 15 jours, sous r\u00e9serve que votre demande n&rsquo;ait pas \u00e9t\u00e9 \u00e9cart\u00e9e lors du tri automatique. Pour le cas ou vous n&rsquo;auriez pas de nouvelles dans les d\u00e9lais impartis, nous vous invitons \u00e0 nous contacter par t\u00e9l\u00e9phone.<\/p>\n\n\n\n<div class=\"wp-block-buttons has-custom-font-size has-small-font-size is-content-justification-center is-layout-flex wp-container-core-buttons-is-layout-e3757797 wp-block-buttons-is-layout-flex\" style=\"border-style:none;border-width:0px;margin-top:0;margin-bottom:0;padding-top:0;padding-right:0;padding-bottom:0;padding-left:0\">\n<div class=\"wp-block-button\"><a class=\"wp-block-button__link has-ast-global-color-5-color has-ast-global-color-1-background-color has-text-color has-background has-link-color has-medium-font-size has-custom-font-size wp-element-button\" href=\"https:\/\/www.doctolib.fr\/psychologue\/houilles\/florence-selve?pid=practice-687089\" style=\"border-style:none;border-width:0px;border-radius:31px;padding-top:var(--wp--preset--spacing--30);padding-right:var(--wp--preset--spacing--30);padding-bottom:var(--wp--preset--spacing--30);padding-left:var(--wp--preset--spacing--30)\">RV Doctolib<\/a><\/div>\n<\/div>\n\n\n\n<h2 class=\"wp-block-heading\">Demandes hors Paris, Houilles, Bezons, Carri\u00e8res-sur Seine<\/h2>\n\n\n\n<p>Quand vous habitez hors Paris, Houilles, Bezons, Carri\u00e8res-sur-Seine, vous pouvez toujours remplir un formulaire sur le site, les donn\u00e9es inscrites, ainsi que votre adresse IP et l\u2019agent utilisateur de votre navigateur seront collect\u00e9s pour nous aider \u00e0 vous r\u00e9pondre. Il vous sera propos\u00e9 d\u2019enregistrer votre nom, adresse e-mail et coordonn\u00e9es.<\/p>\n\n\n\n<p>Nous ne pouvons cependant vous garantir qu&rsquo;une r\u00e9ponse vous sera apport\u00e9e, le formulaire ayant pour but d&rsquo;informer de potentiels patients avant une consultation en cabinet. La situation sera examin\u00e9e au cas par cas. Les messages des visiteurs peuvent aussi \u00eatre \u00e9cart\u00e9s par un service automatis\u00e9 de d\u00e9tection des commentaires ind\u00e9sirables. <\/p>\n\n\n\n<h2 class=\"wp-block-heading\">Contenu embarqu\u00e9 depuis d\u2019autres sites<\/h2>\n\n\n\n<p>Les articles de ce site peuvent inclure des contenus int\u00e9gr\u00e9s (par exemple des vid\u00e9os, images, articles\u2026). Le contenu int\u00e9gr\u00e9 depuis d\u2019autres sites se comporte de la m\u00eame mani\u00e8re que si le visiteur se rendait sur cet autre site. <\/p>\n\n\n\n<p>Ces sites web pourraient collecter des donn\u00e9es sur vous, utiliser des cookies, embarquer des outils de suivis tiers, suivre vos interactions avec ces contenus embarqu\u00e9s si vous disposez d\u2019un compte connect\u00e9 sur leur site web. Google et Hostinger notamment proc\u00e8dent \u00e0 des traitements statistiques des visites et \u00e9changes.<\/p>\n\n\n\n<h2 class=\"wp-block-heading\">Utilisation dur\u00e9e de stockage et transmission de vos donn\u00e9es personnelles<\/h2>\n\n\n\n<p>Les donn\u00e9es collect\u00e9es sont utiles dans la gestion de la relation client et pour le suivi des dossiers.<\/p>\n\n\n\n<p>Les donn\u00e9es inscrites dans les formulaires et leurs m\u00e9tadonn\u00e9es sont conserv\u00e9s ind\u00e9finiment. Cela permet de reconna\u00eetre et approuver automatiquement les prises de contact suivantes au lieu de les laisser dans la file de mod\u00e9ration.<\/p>\n\n\n\n<h2 class=\"wp-block-heading\">Les droits que vous avez sur vos donn\u00e9es<\/h2>\n\n\n\n<p>Vous pouvez demander \u00e0 recevoir un fichier contenant toutes les donn\u00e9es personnelles que nous poss\u00e9dons \u00e0 votre sujet, incluant celles que vous nous avez fournies \u00e0 tout moment sur requ\u00eate postale \u00e9crite aupr\u00e8s du gestionnaire du site \u00e0 l&rsquo;adresse figurant en haut de page. Vous pouvez \u00e9galement demander la modification ou la suppression des donn\u00e9es personnelles transmises \u00e0 la m\u00eame adresse postale. Cela ne prend pas en compte les donn\u00e9es stock\u00e9es \u00e0 des fins administratives, l\u00e9gales ou pour des raisons de s\u00e9curit\u00e9.<\/p>\n\n\n<div style=\"padding-top:0;padding-bottom:0;padding-left:8.8rem;padding-right:8.8rem;\" class=\"is-default-size is-style-rounded is-style-rounded--3 wp-block-site-logo\"><a href=\"https:\/\/psychologueselve.fr\/\" class=\"custom-logo-link\" rel=\"home\"><img loading=\"lazy\" decoding=\"async\" width=\"887\" height=\"786\" src=\"https:\/\/psychologueselve.fr\/wp-content\/uploads\/2026\/01\/cropped-spirale-HD-PSWP-8-120x106.jpg\" class=\"custom-logo\" alt=\"Psychologue Houilles Bezons Carri\u00e8res-sur-Seine\" srcset=\"https:\/\/psychologueselve.fr\/wp-content\/uploads\/2026\/01\/cropped-spirale-HD-PSWP-8.jpg 887w, https:\/\/psychologueselve.fr\/wp-content\/uploads\/2026\/01\/cropped-spirale-HD-PSWP-8-300x266.jpg 300w, https:\/\/psychologueselve.fr\/wp-content\/uploads\/2026\/01\/cropped-spirale-HD-PSWP-8-768x681.jpg 768w, https:\/\/psychologueselve.fr\/wp-content\/uploads\/2026\/01\/cropped-spirale-HD-PSWP-8-120x106.jpg 120w\" sizes=\"auto, (max-width: 887px) 100vw, 887px\" \/><\/a><\/div>\n\n\n<div class=\"wp-block-buttons has-custom-font-size has-small-font-size is-content-justification-center is-layout-flex wp-container-core-buttons-is-layout-e3757797 wp-block-buttons-is-layout-flex\" style=\"border-style:none;border-width:0px;margin-top:0;margin-bottom:0;padding-top:0;padding-right:0;padding-bottom:0;padding-left:0\">\n<div class=\"wp-block-button\"><a class=\"wp-block-button__link has-ast-global-color-5-color has-ast-global-color-1-background-color has-text-color has-background has-link-color has-medium-font-size has-custom-font-size wp-element-button\" href=\"https:\/\/www.doctolib.fr\/psychologue\/houilles\/florence-selve?pid=practice-687089\" style=\"border-style:none;border-width:0px;border-radius:31px;padding-top:var(--wp--preset--spacing--30);padding-right:var(--wp--preset--spacing--30);padding-bottom:var(--wp--preset--spacing--30);padding-left:var(--wp--preset--spacing--30)\">RV Doctolib<\/a><\/div>\n<\/div>\n","protected":false},"excerpt":{"rendered":"<p>Florence Selve Accueil et Ecoute Individualis\u00e9s Psychologue clinicienne et directrice de la publication num\u00e9ro siret 94285602200010 contact: 104 bd Jean Jaur\u00e8s 78800 Houilles H\u00e9bergeur Hostinger contact par chat ou formulaire de contact L\u2019adresse du site est&nbsp;: https:\/\/psychologueselve.fr Demandes sur Paris, Houilles, Bezons, Carri\u00e8res-sur Seine Que vous habitiez Paris, Houilles, Bezons, Carri\u00e8res-sur-Seine, quand vous remplissez un [&hellip;]<\/p>\n","protected":false},"author":1,"featured_media":0,"parent":0,"menu_order":0,"comment_status":"closed","ping_status":"closed","template":"","meta":{"om_disable_all_campaigns":false,"_uag_custom_page_level_css":"","_monsterinsights_skip_tracking":false,"_monsterinsights_sitenote_active":false,"_monsterinsights_sitenote_note":"","_monsterinsights_sitenote_category":0,"site-sidebar-layout":"default","site-content-layout":"","ast-site-content-layout":"default","site-content-style":"default","site-sidebar-style":"default","ast-global-header-display":"","ast-banner-title-visibility":"","ast-main-header-display":"","ast-hfb-above-header-display":"","ast-hfb-below-header-display":"","ast-hfb-mobile-header-display":"","site-post-title":"disabled","ast-breadcrumbs-content":"","ast-featured-img":"","footer-sml-layout":"","theme-transparent-header-meta":"","adv-header-id-meta":"","stick-header-meta":"","header-above-stick-meta":"","header-main-stick-meta":"","header-below-stick-meta":"","astra-migrate-meta-layouts":"set","ast-page-background-enabled":"default","ast-page-background-meta":{"desktop":{"background-color":"var(--ast-global-color-4)","background-image":"","background-repeat":"repeat","background-position":"center center","background-size":"auto","background-attachment":"scroll","background-type":"","background-media":"","overlay-type":"","overlay-color":"","overlay-opacity":"","overlay-gradient":""},"tablet":{"background-color":"","background-image":"","background-repeat":"repeat","background-position":"center center","background-size":"auto","background-attachment":"scroll","background-type":"","background-media":"","overlay-type":"","overlay-color":"","overlay-opacity":"","overlay-gradient":""},"mobile":{"background-color":"","background-image":"","background-repeat":"repeat","background-position":"center center","background-size":"auto","background-attachment":"scroll","background-type":"","background-media":"","overlay-type":"","overlay-color":"","overlay-opacity":"","overlay-gradient":""}},"ast-content-background-meta":{"desktop":{"background-color":"var(--ast-global-color-5)","background-image":"","background-repeat":"repeat","background-position":"center center","background-size":"auto","background-attachment":"scroll","background-type":"","background-media":"","overlay-type":"","overlay-color":"","overlay-opacity":"","overlay-gradient":""},"tablet":{"background-color":"var(--ast-global-color-5)","background-image":"","background-repeat":"repeat","background-position":"center center","background-size":"auto","background-attachment":"scroll","background-type":"","background-media":"","overlay-type":"","overlay-color":"","overlay-opacity":"","overlay-gradient":""},"mobile":{"background-color":"var(--ast-global-color-5)","background-image":"","background-repeat":"repeat","background-position":"center center","background-size":"auto","background-attachment":"scroll","background-type":"","background-media":"","overlay-type":"","overlay-color":"","overlay-opacity":"","overlay-gradient":""}},"footnotes":""},"class_list":["post-1417","page","type-page","status-publish","hentry"],"aioseo_notices":[],"uagb_featured_image_src":{"full":false,"thumbnail":false,"medium":false,"medium_large":false,"large":false,"1536x1536":false,"2048x2048":false},"uagb_author_info":{"display_name":"Psychologue-Psychanalyste Houilles (78800)","author_link":"https:\/\/psychologueselve.fr\/?author=1"},"uagb_comment_info":0,"uagb_excerpt":"Florence Selve Accueil et Ecoute Individualis\u00e9s Psychologue clinicienne et directrice de la publication num\u00e9ro siret 94285602200010 contact: 104 bd Jean Jaur\u00e8s 78800 Houilles H\u00e9bergeur Hostinger contact par chat ou formulaire de contact L\u2019adresse du site est&nbsp;: https:\/\/psychologueselve.fr Demandes sur Paris, Houilles, Bezons, Carri\u00e8res-sur Seine Que vous habitiez Paris, Houilles, Bezons, Carri\u00e8res-sur-Seine, quand vous remplissez un\u2026","_links":{"self":[{"href":"https:\/\/psychologueselve.fr\/index.php?rest_route=\/wp\/v2\/pages\/1417","targetHints":{"allow":["GET"]}}],"collection":[{"href":"https:\/\/psychologueselve.fr\/index.php?rest_route=\/wp\/v2\/pages"}],"about":[{"href":"https:\/\/psychologueselve.fr\/index.php?rest_route=\/wp\/v2\/types\/page"}],"author":[{"embeddable":true,"href":"https:\/\/psychologueselve.fr\/index.php?rest_route=\/wp\/v2\/users\/1"}],"replies":[{"embeddable":true,"href":"https:\/\/psychologueselve.fr\/index.php?rest_route=%2Fwp%2Fv2%2Fcomments&post=1417"}],"version-history":[{"count":148,"href":"https:\/\/psychologueselve.fr\/index.php?rest_route=\/wp\/v2\/pages\/1417\/revisions"}],"predecessor-version":[{"id":1890,"href":"https:\/\/psychologueselve.fr\/index.php?rest_route=\/wp\/v2\/pages\/1417\/revisions\/1890"}],"wp:attachment":[{"href":"https:\/\/psychologueselve.fr\/index.php?rest_route=%2Fwp%2Fv2%2Fmedia&parent=1417"}],"curies":[{"name":"wp","href":"https:\/\/api.w.org\/{rel}","templated":true}]}}